. Let i(x) = 4*x**3 + 394*x**2 - 235*x - 3536. What is the remainder when i(-99) is divided by k?
31
Let l be (-12)/(-624)*-8 + 576/26. Suppose l = h - 4*a, 1 = 5*a - 9. Calculate the remainder when 55 is divided by h.
25
Let s = -67 + 81. Let r be s*(2 + -3 - 2). Let t = r - -43. Calculate the remainder when 3 is divided by t.
0
Let m(c) = 4545*c + 1364. What is the remainder when m(3) is divided by 9?
5
Let n = 19294 + -18626. What is the remainder when n is divided by 115?
93
Let r(s) = -3*s**2 - 195*s - 284. What is the remainder when r(-56) is divided by 141?
100
Suppose y - 5811 = 5*b, -122031 = -4*y - 17*y + 3*b. Calculate the remainder when y is divided by 23.
15
Let j = 551 + -522. Calculate the remainder when 345 is divided by j.
26
Let n be (11 - (8 + -51))/(1 - -1). Suppose 6*k - n - 81 = 0. What is the remainder when 68 is divided by k?
14
Suppose 2*u = -2 + 18. Suppose 3*r + 4 = -r. What is the remainder when (434/(-4))/7*(-3 - r) is divided by u?
7
Let v(c) = c**2 + 42*c + 430. What is the remainder when 629 is divided by v(-30)?
69
Let b = -15 - -169. Let y = b + -146. Calculate the remainder when 18 is divided by y.
2
Suppose -6*c + 4*j + 42 = -4*c, -49 = -2*c - 3*j. Suppose 143*g - 6471 + 1005 - 397 = 0. What is the remainder when g is divided by c?
18
Let c(k) = 32*k**2 - 2*k - 6. Let q be c(3). Let o = 475 - q. Calculate the remainder when o is divided by 20.
19
Let s(z) = 22*z - 25. Suppose 6*p - 2*x + 28 = 9*p, 16 = p + 4*x. Calculate the remainder when s(p) is divided by 12.
7
Suppose k - 4*k = -21. Suppose c + 366 = k*c. What is the remainder when c is divided by 12/30*(-3)/(18/(-480))?
29
Let s(d) = 2*d**3 - 3*d**2 - 2*d - 1. Let v be s(3). Let z be (12/(-8))/((-15)/v). Suppose 0 = 4*l + z*l - 432. What is the remainder when l is divided by 25?
22
Calculate the remainder when 223 is divided by (-360)/2*2/(-5) - (-479 + 480).
10
Let q = -1100 - -1241. Calculate the remainder when q is divided by (-28)/6*48/126*-27.
45
Let h = 92 - -80. Suppose 5*l = h - 32. Suppose -4*u = 2*q - 234, 2*q - 303 = -3*u - 72. Calculate the remainder when q is divided by l.
27
Let b = 3031 - -579. Calculate the remainder when b is divided by 28.
26
Suppose 0 = 8*x + 2*x - 15520. Suppose 8*j - x = -0*j. What is the remainder when j is divided by 7?
5
Let k be (-30)/12*(-140)/50. Suppose 0 = -3*y - k*y + 380. Calculate the remainder when y is divided by 22.
16
Calculate the remainder when 94 is divided by (-4 + 0)*14/(-8)*(-12)/(-21).
2
Let j = 45 - 29. Let x = -203 + 140. Let w = 120 + x. What is the remainder when w is divided by j?
9
Calculate the remainder when 3/(-42) - (-796211)/1022 is divided by 15.
14
Let y(l) = 3*l**2 + 28*l + 14. Suppose -w - 32 = 4*r + 9, 0 = -2*r + 3*w - 31. What is the remainder when y(r) is divided by 25?
19
Let r = 15283 - 12939. What is the remainder when r is divided by 56?
48
Let i(v) = -33*v - 522. Calculate the remainder when 224 is divided by i(-18).
8
Let f(x) = x**2 - 28*x - 110. What is the remainder when 1151 is divided by f(-5)?
51
Let p(c) = -c**3 - 8*c**2 - 6*c + 5. Let d be p(-7). What is the remainder when 95 is divided by (d/(-4))/((-13)/(-208))?
7
Suppose -15*n + 19*n = -x + 17, x - 8 = -n. Let o(r) = -2 + 7*r + 4*r - 2. Calculate the remainder when o(3) is divided by x.
4
Suppose -3*f = -5*a - 120, 0 = -f + 3*f - 3*a - 81. What is the remainder when 12 is divided by 56*5/f + (-2)/9?
0
Let i(j) = j**3 - j**2 + j + 2. Let w be i(2). Let g(c) = -c**3 + 9*c**2 - 2*c + 4. Suppose -5*f + 27 = -63. Calculate the remainder when g(w) is divided by f.
16
Let w(z) = 2*z**2 - 36*z + 37. Let k be w(17). Suppose 0 = h - 4*a - 20, k*h = a - 6*a + 43. What is the remainder when h is divided by 8 - (8/(-2) + 2)?
6
Let d(m) = 7*m**2 - 15*m + 22. Let f be d(9). Suppose -8*g = -2006 + f. Calculate the remainder when g is divided by 33.
29
Let q = -14682 + 14868. Calculate the remainder when q is divided by 176.
10
Calculate the remainder when 6/5*440/12 is divided by (-4)/34 - (2135/2562 + 2137/(-102)).
4
Suppose -3*o - 21 = -4*r, -3*r + 23 = -r + o. Let p = -75 + 39. Let k = -1 - p. Calculate the remainder when k is divided by r.
8
Suppose -5*b + 13 = -2*q + 44, -2*q = -2*b - 16. Let g(t) = 71*t**2 + 10 - 67*t**2 - 10*t - q*t. What is the remainder when g(7) is divided by 39?
37
Let d = 15649 - 15349. What is the remainder when d is divided by 277?
23
Let s be (3 + -4)*-60 - 4. Let w = s + 42. Calculate the remainder when w is divided by 9.
8
Let m(z) = 4*z**2 + 18*z + 41. Let h(q) = 9*q - 59. Let b be h(6). Calculate the remainder when m(b) is divided by 9.
6
Let x(k) = 9*k - 30. Suppose 10*b - 12*b = -14. What is the remainder when x(b) is divided by 21?
12
Let x(d) = d**3 - 18*d**2 - 18*d - 12. Suppose -10*r + 198 = 6*i - 13*r, 3*i + 3*r = 99. What is the remainder when i is divided by x(19)?
5
Suppose 4*y + 3*r - 182 = 0, -2*y = 3*r - 10 - 84. Let t = y - -22. What is the remainder when t is divided by 17?
15
Let s = 2 - -1. Suppose -4*j - 3*l + 153 = 0, 37 = -2*j + s*j + 2*l. Suppose -30*g + 225 - 31 + 46 = 0. Calculate the remainder when j is divided by g.
7
Calculate the remainder when 3/(-9)*1887*1*-4 is divided by 180.
176
What is the remainder when ((-3608)/33)/(4/(-6)) is divided by 9724/165 - 9/(-135)?
46
Let x(m) = -582 - 51*m + 332 + 302. Calculate the remainder when x(-11) is divided by 41.
39
Let n = 39 - 3. Let a(t) = 11*t**2 - 1. Let q be a(-1). Suppose -q*o + 19 + 131 = 0. Calculate the remainder when n is divided by o.
6
Let f(b) be the second derivative of 2*b**3/3 + 3*b**2 - b + 107. Let z be (-4)/(-4)*2*2. Calculate the remainder when f(z) is divided by 4.
2
Let t(f) = 709*f**3 - 4*f**2 - 4*f + 22. Calculate the remainder when t(2) is divided by 4.
2
Suppose 3*a = -3*y - 303, -2*y + 107 = -4*a + 3*a. Let w = a + 27. Let x = w + 79. Calculate the remainder when 24 is divided by x.
0
Let h = -342 + 563. Let t = 175 - 161. Calculate the remainder when h is divided by t.
11
Suppose -c - 2 + 77 = 0. Suppose -236*h = -254*h + 342. Calculate the remainder when c is divided by h.
18
Let j be 1570/15 - 1/(-3). Let b = j - 54. Suppose -4*n = -5*l - 44 - 74, -4*n = 2*l - 104. Calculate the remainder when b is divided by n.
24
Let p(h) = 2*h + 3. What is the remainder when p(11) is divided by ((-2)/(-4))/1*(-24 + 38)?
4
Suppose -z + 7 = 0, 8024 = 7*w + 5*z + 387. Calculate the remainder when w is divided by 535.
16
Calculate the remainder when 875 is divided by (-1896)/(-45) + 1030/150 + -7.
35
Let n = 416 - 426. Calculate the remainder when (1288/n)/((-4)/10) is divided by 27.
25
Suppose -23*f + 388 = -22*f. Let u = -289 + f. What is the remainder when u is divided by 10?
9
Let o = 169 + -121. Suppose 2*t + 3*a - 5 = 6, -2*t = 4*a - 16. Calculate the remainder when o is divided by -1 + t + 13 + 1.
4
Let y be 1580/(-20) + 5/(-1). Let b = -66 - y. Calculate the remainder when 86 is divided by b.
14
Let g(r) = -r**2 + 4*r + 4. Let h be g(6). Let y(o) = 12*o + 91. What is the remainder when (-363)/(-6) + (-4)/h is divided by y(-5)?
30
Let d be 2/(((-3)/2)/3). Let v(c) = -4 + 3898*c - c**3 - 3905*c - c**3 - 6*c**2. What is the remainder when v(d) is divided by 19?
18
Let y = 3111 - 3087. What is the remainder when 53 is divided by y?
5
Suppose 13*w + 26*w = -11505. Let a = 1189 + w. Calculate the remainder when a is divided by 13.
10
Let z = 65 + -34. Let b(a) = -7*a**2 + 5*a - 28. Let t(c) = 13*c**2 - 11*c + 57. Let v(g) = 7*b(g) + 4*t(g). Calculate the remainder when v(8) is divided by z.
28
Let z(c) = 39*c**2 + 204*c - 4. What is the remainder when z(-8) is divided by 124?
116
Let g = 5440 - 4113. What is the remainder when g is divided by 120?
7
Suppose -a - 3*l + 797 = 0, -10*a + 6*a + 3220 = 4*l. Calculate the remainder when a is divided by 11.
6
Suppose -5*t = -2*q - 4513, -2*q - 1804 = -95*t + 93*t. Calculate the remainder when t is divided by 20.
3
Let c(h) = -2*h - 7. Let a be c(-6). Suppose 0 = -o - 3*t + 8, 3*t = -4*o + a*t + 102. Suppose 218 - 173 = 5*g. What is the remainder when o is divided by g?
5
Let s(v) = -3*v**2 - 82*v - 77. Calculate the remainder when s(-24) is divided by 82.
81
Let l = -884 + -98. Let k = 446 + l. What is the remainder when 56 is divided by k/(-18) + 4/72*4?
2